et l(k) = k. Let m(s) = 4*s - 8. Let h(z) = -20*l(z) + 2*m(z). List the prime factors of h(-7).
2, 17
Let v be (-2)/(-3)*(9 - 3). Suppose -50 = -r + m, -5*r + 253 = -0*r - v*m. List the prime factors of r.
53
Let j(b) = -2*b**2 - 4*b + 17. Let a be j(-4). List the prime factors of (6 - 6) + -2 - (-50 - a).
7
Let h = 205 - 40. Suppose n + 103 = -2*q, 5*n + h = -3*q - 0*n. What are the prime factors of 20/3*(-60)/q?
2
Let q = -26 - -41. Let z be 47/q + 2/(-15). Suppose -u + m - 134 = -z*u, 2*u + 2*m = 130. What are the prime factors of u?
3, 23
Suppose 950 = 4*r - 2*s - 0*s, -s = -4*r + 947. List the prime factors of r.
2, 59
Suppose -418 = -v + 5*g + 1768, 5*v - 2*g = 10884. List the prime factors of v.
2, 17
What are the prime factors of -48*(-4 + 75/(-20))?
2, 3, 31
Let q(p) = p**3 + 14*p**2 + 20*p + 8. List the prime factors of q(-8).
2, 29
Let q(s) = 11*s**2 - 2*s + 1. Let i be q(-5). Suppose 29 + i = 5*k. List the prime factors of k.
3, 7
List the prime factors of (-87948)/(-56) + 7/2.
2, 787
Let m = -65 + 90. Suppose -31*a + m*a = -306. List the prime factors of a.
3, 17
Let i(p) = 5*p**2 + 9*p - 1. Let a(j) = 14*j**2 + 28*j - 2. Let z(m) = 6*a(m) - 17*i(m). List the prime factors of z(8).
61
Let p(i) be the first derivative of -i**3/3 + 33*i**2/2 - 14*i + 9. What are the prime factors of p(15)?
2
Let w(m) = m**3 - 8*m**2 - 2*m - 4. Suppose q + 41 = 5*d, -6 = -d - 3*q - 1. Let z be w(d). What are the prime factors of (-44)/z - (-2)/(-10)?
2
Let c = 0 - 0. Let s(u) = u**2 - 2*u - 5. Let f be s(-2). Suppose -2*j = -q + 24, -f*j - 4 - 2 = c. List the prime factors of q.
2, 5
Let a = 13 + -19. Let u(c) = 9*c + 13. Let v(m) = -13*m - 20. Let x(q) = 7*u(q) + 5*v(q). List the prime factors of x(a).
3
Let m = 1815 - 1254. Suppose 5*p - 789 - m = 0. Suppose -11*h + 6*h = -p. What are the prime factors of h?
2, 3
Let y(q) = 25*q**2 + 20*q - 4. List the prime factors of y(7).
1361
Suppose -4*u - a = -u - 19, 27 = 3*u + 3*a. Suppose 3 = u*w - 17, -2*q + 5*w = -42. What are the prime factors of q?
31
Let o(i) = -16*i - 245. List the prime factors of o(-31).
251
Let b(g) = -8*g**3 + 2*g**2 + 7*g + 9. What are the prime factors of b(-5)?
2
Suppose 2*d - 5*x - 1173 = 0, -10*d + 5*d = -3*x - 2904. List the prime factors of d.
3, 193
Let n = -6 - -9. Let p = n - -99. What are the prime factors of p?
2, 3, 17
Let s = -982 + 1852. What are the prime factors of s?
2, 3, 5, 29
Let j(y) = y**2 - 5*y + 8. Let x be 7*1 + (-4 - -4). List the prime factors of j(x).
2, 11
Let z = -1 + 3. Let w be (3 - 3)/(z - 3). Suppose w*o + 23 = o. List the prime factors of o.
23
Suppose -5*a = 3*g - 12811, 6*a - 2*a = g + 10242. List the prime factors of a.
13, 197
Suppose 0 = 2*x - 4*g + 160, 2*x + 247 - 73 = -3*g. What are the prime factors of (x - (-3 + 2))*-1?
83
Let r = 2781 - 1836. What are the prime factors of r?
3, 5, 7
Suppose 0 = y + 5*b - 26, -8*y - 10 = -3*y - 3*b. Let t = y + 6. Suppose -3*j + 107 = 5*g, 2*j + 173 = t*j + 3*g. List the prime factors of j.
2, 17
Let n(q) = -87*q - 1. Let u be n(1). Let c = u - -152. What are the prime factors of c?
2
Suppose 0 = -7*r + 3*r. What are the prime factors of (-336)/(-4) - (r - 2)?
2, 43
Let v(u) = -226*u + 206. What are the prime factors of v(-8)?
2, 19, 53
Let v = -71 + 74. Suppose v*f + 3*w = 844 - 322, 0 = 4*w + 12. List the prime factors of f.
3, 59
Suppose 2*o - 14 = -4. Let s be -1 + 1 + (123 - 7). Suppose -h = -o*h + s. List the prime factors of h.
29
Let b be 84/7*(0 - 134/(-6)). Suppose s + b = 5*s. What are the prime factors of s?
67
Suppose 17*k + 12 = 23*k. Suppose 0 = -k*f - 19 + 73. List the prime factors of f.
3
List the prime factors of 2116 - (-2 + -5 + 13).
2, 5, 211
Suppose 9698 = -4*f + 17*f. List the prime factors of f.
2, 373
Let b be (-14)/(-4) - (6/4 + -2). Suppose -b*q - 2*z + 179 = 3*z, -z - 38 = -q. List the prime factors of q.
41
Suppose -9*j - 132 = 2*j. Let u = 19 + j. List the prime factors of u.
7
Suppose -2*i = 3*a - 16, 0 = -5*a - i + 10 + 12. Suppose 0 = -a*o + 6*o - 352. What are the prime factors of o?
2, 11
Suppose -168 = -17*h + 3*h. Suppose 5*v = 3*v + h. What are the prime factors of v?
2, 3
Suppose -2*d + 50 = 3*d. Let f(v) = -7*v + 2. Let k(h) = h - 1. Let y(u) = d*k(u) + 2*f(u). List the prime factors of y(-8).
2, 13
Suppose -4*h = 0, -3*i - 3*h = -0*i - 6. Suppose i*z - 782 = -4*x, 2*z - 597 = -3*x - 3*z. What are the prime factors of x?
2, 97
List the prime factors of (27 + 55)*(1 + -5 + 48).
2, 11, 41
Let d(q) = -2*q**3 + 3*q**2 - q + 1. Let k be d(-3). Suppose 3*s = 14 + k. List the prime factors of s.
3, 11
Let q = 1269 + -610. What are the prime factors of q?
659
Let k = -451 - -750. What are the prime factors of k?
13, 23
Let j = 12 + -16. What are the prime factors of (16 + j)/((-4)/(-6))?
2, 3
Let m(s) = 1. Let d(z) = z + 61. Let t(q) = d(q) + 3*m(q). Let o be t(0). Let j = o + -44. What are the prime factors of j?
2, 5
Let j = 121 + 20. Suppose -5*n + j = -189. List the prime factors of n.
2, 3, 11
Let r = -39 + 64. Suppose 5*b = -c + r, 5*c - 4*b - 142 = -17. Suppose -2*v + 3*v = c. List the prime factors of v.
5
Let z be (-5 + -1)*(-3)/(18/4). Suppose z*j + 2398 = 15*j. List the prime factors of j.
2, 109
List the prime factors of (-3348)/(-90) + (-1)/5.
37
Suppose -2628 = 24*t - 27*t. List the prime factors of t.
2, 3, 73
Suppose -5*d - 12 = -a + 12, 2*d = -a + 31. Let y = a - 17. Suppose o - 1 = y. List the prime factors of o.
13
Let k(g) be the first derivative of g**5/60 + g**4/8 - g**3/6 + g**2 - 2. Let h(m) be the second derivative of k(m). What are the prime factors of h(2)?
3
List the prime factors of 7 + (-84)/7 - -1532.
3, 509
Let t be ((-208)/(-40))/(4/10). Suppose -t = z + 5*k, -z + k = 4*k + 7. What are the prime factors of z?
2
Let b = -491 + 1201. List the prime factors of (5 - (-44)/(-10))*b/2.
3, 71
Let c(z) = 28*z + 3. Let w(f) = -f**2 + 23*f + 53. Let d be w(25). What are the prime factors of c(d)?
3, 29
Let g(t) = 2*t - 4. Let s(c) = -c**2 - 12*c + 12. Let r be s(-12). Suppose -3*l + r = -3. What are the prime factors of g(l)?
2, 3
Let z(s) = 3*s - 15. Let i be z(5). What are the prime factors of i*(-4)/(-8) - -26?
2, 13
Suppose -2*l = 3*p + 4, -6 = 5*p - 2*l - 26. Suppose 0 = -4*w - p + 66. What are the prime factors of ((-13)/2)/((-8)/w)?
13
Let s(m) be the third derivative of m**6/120 - m**5/20 + m**4/6 - m**3 + 26*m**2. Suppose -3*k + 20 = 2*k. List the prime factors of s(k).
2, 13
Let j(i) = -475*i**3 + i**2 - 2*i - 2. What are the prime factors of j(-1)?
2, 7, 17
Suppose -31*k + 4396 = -27*k. List the prime factors of k.
7, 157
Suppose -s - 8 + 3 = 0, -5*v - 5*s + 5 = 0. Suppose -v*w + 204 = -3*w. What are the prime factors of w?
2, 17
Let v(k) = k**3 + 3*k**2 - 2*k + 4. Let t be v(-4). Let c be 1/1*-1*(76 + 1). What are the prime factors of t/22 + (-630)/c?
2
List the prime factors of (9/(-6))/(24/(-7312)).
457
Let w be 100/(-5)*(-1)/(-3 + 1). Suppose -7*v + 2*v = -15. What are the prime factors of (v + w)/(0 + -1)?
7
Let r be 1*(-1 + 2 + 0) + 18. Suppose 22*w = r*w + 297. What are the prime factors of w?
3, 11
Let i = -978 + 3240. List the prime factors of i.
2, 3, 13, 29
Suppose 3*s = -0*s + 30. Suppose s*y - 11*y = -41. Suppose y = u + 2. What are the prime factors of u?
3, 13
Suppose -o = -3*z + 12, 2*o + 3*z = o + 12. What are the prime factors of 152 + o + 9*6/18?
5, 31
Let c(a) = a**2 - 4*a - 5. Let u be c(6). Let s = -24 - u. Let j = -9 - s. What are the prime factors of j?
2, 11
Let n(s) = 32*s**2 - 2*s + 6. Let q be n(-6). Suppose q = 5*a - z, 5*z - 408 = -3*a + 322. List the prime factors of a.
5, 47
Let q(b) = -8*b**3 + 18*b**2 + 51*b + 6. List the prime factors of q(-6).
2, 3, 173
Let d(s) = 0*s**3 + 7*s**2 + 7 + s**2 + 2*s + 9*s**2 - s**3. Let g be d(17). What are the prime factors of g + 2 + 1 + -1?
43
Suppose 5*f - 15 = 3*r - 4*r, -3*r = -5*f + 15. Suppose 13*i - 15*i + 196 = r. List the prime factors of i.
2, 7
What are the prime factors of (-3 + 2)*((7 - 179) + 4)?
2, 3, 7
Suppose 0 = -2*o + 61 - 21. Suppose 5*n + 0*n + o = 0. What are the prime factors of (-52)/(n/4 + -1)?
2, 13
Let y be (-5)/(-30 - -5) + (-1926)/5. Let k = -205 - y. What are the prime factors of k?
2, 3, 5
Let f be (-14980)/(-18) + -2*(-3)/(-27). Le